{"id":8,"date":"2023-04-16T18:40:17","date_gmt":"2023-04-16T18:40:17","guid":{"rendered":"https:\/\/www.nguyentienngomua.com\/?page_id=8"},"modified":"2026-03-29T23:50:57","modified_gmt":"2026-03-29T16:50:57","slug":"create-your-website-with-blocks","status":"publish","type":"page","link":"https:\/\/www.nguyentienngomua.com\/","title":{"rendered":""},"content":{"rendered":"\n<p class=\"has-text-align-center\"><strong><font size=\"8\"> CH\u00daC V\u0102N <\/font><\/strong><\/p>\n\n\n\n<p class=\"has-text-align-left\">M\u1eebng h\u00f4m nay tr\u1ed1ng chi\u00eang d\u1ed9i t\u1edbi, qu\u00ea h\u01b0\u01a1ng con ch\u00e1u vui m\u1eebng<\/p>\n\n\n\n<p class=\"has-text-align-left\">Chi\u00eang tr\u1ed1ng vang l\u00ean, thi\u00ean \u0111\u1ecba ng\u00fat ng\u00e0n linh kh\u00ed<\/p>\n\n\n\n<p class=\"has-text-align-left\">Ch\u00e1u con d\u00e2ng T\u1ed5 tu\u1ea7n h\u01b0\u01a1ng, to\u00e0n H\u1ecd vui ng\u00e0y \u0111\u1ea1i l\u1ec5<\/p>\n\n\n\n<p class=\"has-text-align-left\">R\u1ed9n r\u00e3 tr\u1ed1ng chi\u00eang, t\u01b0ng b\u1eebng c\u1edd x\u00ed.<\/p>\n\n\n\n<p class=\"has-text-align-left\">M\u1eebng vui kh\u00f4n xi\u1ebft, \u0111\u1ea7u xanh, \u0111\u1ea7u b\u1ea1c, xu\u00f4i ng\u01b0\u1ee3c c\u00f9ng vui.<\/p>\n\n\n\n<p class=\"has-text-align-left\">R\u1ef1c s\u00e1ng ban th\u1edd, n\u1ebfn \u0111\u1ecf, hoa v\u00e0ng kh\u00f3i h\u01b0\u01a1ng nghi ng\u00fat.<\/p>\n\n\n\n<p class=\"has-text-align-left\"><strong>Nh\u1edb thu\u1edf x\u01b0a :<\/strong><\/p>\n\n\n\n<p class=\"has-text-align-left\">Thuy\u1ec1n xu\u00f4i s\u00f3ng v\u1ed7, v\u01b0\u1ee3t n\u00fai tr\u00e8o non, T\u1ed5 \u0111\u1ee9ng l\u1ea1i n\u01a1i n\u00e0y l\u1eadp nghi\u1ec7p.<\/p>\n\n\n\n<p class=\"has-text-align-left\">R\u1eddi qu\u00ea Thanh H\u00f3a, tay n\u1ea3i m\u1ed9t vai, nghi\u00ean b\u00fat m\u1ed9t vai, nay nh\u00ecn l\u1ea1i ngo\u00e0i hai th\u1ebf k\u1ef7.<\/p>\n\n\n\n<p class=\"has-text-align-center\"><strong>&nbsp;Th\u1ea7y \u0111\u1ed3 Thanh H\u00f3a<\/strong><\/p>\n\n\n\n<p class=\"has-text-align-center\"><strong>Th\u00f4n n\u1eef Th\u00e1i Ninh<\/strong><\/p>\n\n\n\n<p class=\"has-text-align-center\"><strong>S\u00e1nh \u0111\u00f4i t\u00e0i s\u1eafc<\/strong><\/p>\n\n\n\n<p class=\"has-text-align-center\"><strong>&nbsp;&nbsp;&nbsp; Long ph\u1ee5ng k\u1ef3 duy\u00ean<\/strong><\/p>\n\n\n\n<p class=\"has-text-align-left\">Cu\u1ed9c m\u01b0u sinh th\u1eed th\u00e1ch mu\u00f4n v\u00e0n, \u0111\u01b0\u1eddng l\u1eadp nghi\u1ec7p gian nan xi\u1ebft k\u1ec3<\/p>\n\n\n\n<p class=\"has-text-align-left\">N\u00e0o \u0111\u1ea5t m\u1eb7n, \u0111\u1ed3ng chua, n\u00e0o b\u1ec7nh t\u1eadt, b\u00e3o gi\u00f4ng, kh\u00f3 kh\u0103n ch\u1ed3ng ch\u1ea5t.<\/p>\n\n\n\n<p class=\"has-text-align-left\">T\u1ed5 nh\u01b0 t\u00f9ng b\u00e1ch hi\u00ean ngang, ch\u1eb3ng ng\u1ea1i tuy\u1ebft s\u01b0\u01a1ng, m\u01b0a n\u1eafng.<\/p>\n\n\n\n<p class=\"has-text-align-left\">Nay \u0111\u00e3 tr\u1ea3i 10 \u0111\u1eddi, m\u1ed9t g\u1ed1c 4 ng\u00e0nh \u0111\u1ec1u t\u1ed1t c\u00e0nh xanh l\u00e1<\/p>\n\n\n\n<p class=\"has-text-align-left\">Lo manh \u00e1o mi\u1ebfng c\u01a1m, \u0111\u1ea5t kh\u00e1ch tha h\u01b0\u01a1ng , v\u1eabn nh\u1ee7 l\u00f2ng t\u00ecm v\u1ec1 c\u1ed9i r\u1ec5.<\/p>\n\n\n\n<p><strong>Nay :<\/strong><\/p>\n\n\n\n<p class=\"has-text-align-left\">B\u1ed1n ph\u01b0\u01a1ng Nam B\u1eafc, T\u00e2y, \u0110\u00f4ng to\u00e0n h\u1ecd g\u00e1i trai, gi\u00e0 tr\u1ebb, h\u00e2n hoan mu\u00f4n d\u1eb7m tr\u00f9ng ph\u00f9ng.<\/p>\n\n\n\n<p class=\"has-text-align-center\"><strong>K\u00ednh c\u1ea9n m\u1ed9t ch\u1ea7u \u0111\u1ea1i l\u1ec5<\/strong><\/p>\n\n\n\n<p class=\"has-text-align-left\">Xin ti\u00ean t\u1ed5 v\u1ea1n th\u1ebf linh thi\u00eang, gi\u00fap con ch\u00e1u tr\u0103m \u0111\u01b0\u1eddng ch\u1ec9 v\u1ebd.<\/p>\n\n\n\n<p class=\"has-text-align-left\">Xin c\u00fai nguy\u1ec7n 100 s\u00f4ng c\u00f9ng ch\u1ed7 ph\u00e1t nguy\u00ean, y\u00eau th\u01b0\u01a1ng nhau t\u00ecnh ru\u1ed9t th\u1ecbt chan h\u00f2a.<\/p>\n\n\n\n<p class=\"has-text-align-left\">M\u1ed9t g\u1ed1c tr\u0103m c\u00e0nh, g\u1eafn b\u00f3 m\u00e3i nh\u01b0 keo s\u01a1n ch\u1eb7t ch\u1ebd.<\/p>\n\n\n\n<p class=\"has-text-align-center\"><strong>Khi v\u1eadn b\u0129 ph\u1ea3i&nbsp; ch\u1ecb ng\u00e3 em n\u00e2ng<\/strong><\/p>\n\n\n\n<p class=\"has-text-align-center\"><strong>L\u00fac c\u01a1n \u0111en bi\u1ebft b\u1ea7u th\u01b0\u01a1ng l\u1ea5y b<\/strong>\u00ed<\/p>\n\n\n\n<p class=\"has-text-align-center\"><strong>T\u00f4 ti\u00ean d\u1ea1y, si\u00eang l\u00e0m, si\u00eang h\u1ecdc, v\u01b0\u1ee3t kh\u00f3 kh\u0103n s\u1ebd h\u1ebft \u0111\u00f3i ngh\u00e8o.<\/strong><\/p>\n\n\n\n<p>T\u1ed5 ti\u00ean r\u0103n th\u00e0 \u0111\u00f3i c\u01a1m ch\u1ee9 kh\u00f4ng cam \u0111\u00f3i ch\u1eef. B\u00fat th\u00e0nh c\u00e2y, \u0111\u1ec3 tr\u1ed5 ra hoa, m\u1eb7c s\u1ee9c anh em vui th\u00fa.<\/p>\n\n\n\n<p class=\"has-text-align-left\">S\u00e1ch l\u00e0 ru\u1ed9ng, kh\u00f4ng c\u1ea7n n\u1ed9p thu\u1ebf, tha h\u1ed3 con ch\u00e1u c\u1ea5y c\u00e0y.<\/p>\n\n\n\n<p class=\"has-text-align-center\"><strong>&nbsp;Kh\u00f4ng ham ph\u00fa qu\u00fd<\/strong><\/p>\n\n\n\n<p class=\"has-text-align-center\"><strong>Ch\u1edb ng\u1ea1i ngh\u00e8o h\u00e8n<\/strong><\/p>\n\n\n\n<p class=\"has-text-align-center\"><strong>Coi th\u01b0\u1eddng uy v\u0169<\/strong><\/p>\n\n\n\n<p><strong>V\u00e2ng l\u1eddi d\u1ea1y :<\/strong><\/p>\n\n\n\n<p class=\"has-text-align-left\">D\u00f9 h\u00f4m nay sinh s\u1ed1ng tr\u0103m n\u01a1i, ch\u00e1u con v\u1eabn \u0111ua t\u00e0i, k\u1ebb v\u0103n ng\u01b0\u1eddi v\u0169.<\/p>\n\n\n\n<p class=\"has-text-align-left\">Nh\u00e2n sinh b\u00e1ch ngh\u1ec7 v\u1eabn khuy\u00ean nhau m\u1ed9t ngh\u1ec7 cho tinh.<\/p>\n\n\n\n<p><strong>D\u1ea5n th\u00e2n cho n\u01b0\u1edbc<\/strong><\/p>\n\n\n\n<p class=\"has-text-align-center\"><strong>5 ch\u00e1u hy sinh<\/strong><\/p>\n\n\n\n<p class=\"has-text-align-center\"><strong>H\u1ebft d\u1ea1 v\u00ec d\u00e2n<\/strong><\/p>\n\n\n\n<p class=\"has-text-align-center\"><strong>Kh\u00f4ng ai r\u1ebd l\u1ed1i<\/strong><\/p>\n\n\n\n<p class=\"has-text-align-left\">\u0110\u00e3 tr\u1ea3i 10 \u0111\u1eddi, T\u1ed5 ti\u00ean vun tr\u1ed3ng c\u00e2y \u0111\u1ee9c<\/p>\n\n\n\n<p class=\"has-text-align-left\">\u0110\u1ec3 ch\u00fang con \u0111\u01b0\u1ee3c h\u01b0\u1edfng tr\u00e1i tr\u00e2n cam<\/p>\n\n\n\n<p class=\"has-text-align-left\">Nay xin \u0111\u01b0\u1ee3c c\u00fai \u0111\u1ea7u tr\u0103m l\u1ea1y, tr\u01b0\u1edbc t\u1eeb \u0111\u01b0\u1eddng h\u1ecd Nguy\u1ec5n Ti\u1ebfn ta<\/p>\n\n\n\n<p><strong>Th\u01b0a :<\/strong><\/p>\n\n\n\n<p class=\"has-text-align-left\">T\u1ea5t c\u1ea3 ch\u00fang con \u0111\u1ec1u m\u1ed9t g\u1ed1c sinh ra<\/p>\n\n\n\n<p class=\"has-text-align-left\">\u01a0n ti\u00ean t\u1ed5 nay \u0111\u1ec1u th\u00e0nh \u0111\u1ea1t<\/p>\n\n\n\n<p class=\"has-text-align-left\">M\u1ed9t t\u1ea5m l\u00f2ng th\u00e0nh, xin ti\u00ean t\u1ed5 minh ch\u1ee9ng<\/p>\n\n\n\n<p class=\"has-text-align-left\">Ban t\u00e0i l\u1ed9c cho mu\u1ed3n \u0111\u1eddi h\u1eadu du\u1ec7.<\/p>\n\n\n\n<p class=\"has-text-align-right\">Ng\u01b0\u1eddi ch\u1ea5p b\u00fat : <strong>Nguy\u1ec5n Ti\u1ebfn Kh\u00e1ch<\/strong><br>Th\u00e1i B\u00ecnh, 2014<br>D\u1ecbp kh\u00e1nh th\u00e0nh nh\u00e0 th\u1edd h\u1ecd.<\/p>\n","protected":false},"excerpt":{"rendered":"<p>CH\u00daC V\u0102N M\u1eebng h\u00f4m nay tr\u1ed1ng chi\u00eang d\u1ed9i t\u1edbi, qu\u00ea h\u01b0\u01a1ng con ch\u00e1u vui m\u1eebng Chi\u00eang tr\u1ed1ng vang l\u00ean, thi\u00ean \u0111\u1ecba ng\u00fat ng\u00e0n linh kh\u00ed Ch\u00e1u con d\u00e2ng T\u1ed5 tu\u1ea7n h\u01b0\u01a1ng, to\u00e0n H\u1ecd vui ng\u00e0y \u0111\u1ea1i l\u1ec5 R\u1ed9n r\u00e3 tr\u1ed1ng &hellip; <a href=\"https:\/\/www.nguyentienngomua.com\/\">Continue reading <span class=\"meta-nav\">&rarr;<\/span><\/a><\/p>\n","protected":false},"author":1,"featured_media":0,"parent":0,"menu_order":0,"comment_status":"closed","ping_status":"closed","template":"","meta":{"footnotes":""},"class_list":["post-8","page","type-page","status-publish","hentry"],"_links":{"self":[{"href":"https:\/\/www.nguyentienngomua.com\/index.php\/wp-json\/wp\/v2\/pages\/8","targetHints":{"allow":["GET"]}}],"collection":[{"href":"https:\/\/www.nguyentienngomua.com\/index.php\/wp-json\/wp\/v2\/pages"}],"about":[{"href":"https:\/\/www.nguyentienngomua.com\/index.php\/wp-json\/wp\/v2\/types\/page"}],"author":[{"embeddable":true,"href":"https:\/\/www.nguyentienngomua.com\/index.php\/wp-json\/wp\/v2\/users\/1"}],"replies":[{"embeddable":true,"href":"https:\/\/www.nguyentienngomua.com\/index.php\/wp-json\/wp\/v2\/comments?post=8"}],"version-history":[{"count":42,"href":"https:\/\/www.nguyentienngomua.com\/index.php\/wp-json\/wp\/v2\/pages\/8\/revisions"}],"predecessor-version":[{"id":3078,"href":"https:\/\/www.nguyentienngomua.com\/index.php\/wp-json\/wp\/v2\/pages\/8\/revisions\/3078"}],"wp:attachment":[{"href":"https:\/\/www.nguyentienngomua.com\/index.php\/wp-json\/wp\/v2\/media?parent=8"}],"curies":[{"name":"wp","href":"https:\/\/api.w.org\/{rel}","templated":true}]}}